{"version":"1.0","provider_name":"IAI - Inter-American Institute for Global Change Research","provider_url":"https:\/\/iai.int\/es\/","title":"Grabaciones del Evento TALLER DE REDES SOCIALES - IAI - Inter-American Institute for Global Change Research","type":"rich","width":600,"height":338,"html":"<blockquote class=\"wp-embedded-content\" data-secret=\"aerN1XJKFT\"><a href=\"https:\/\/iai.int\/es\/grabaciones-del-evento-taller-de-redes-sociales\/\">Grabaciones del Evento TALLER DE REDES SOCIALES<\/a><\/blockquote><iframe sandbox=\"allow-scripts\" security=\"restricted\" src=\"https:\/\/iai.int\/es\/grabaciones-del-evento-taller-de-redes-sociales\/embed\/#?secret=aerN1XJKFT\" width=\"600\" height=\"338\" title=\"\u00abGrabaciones del Evento TALLER DE REDES SOCIALES\u00bb \u2014 IAI - Inter-American Institute for Global Change Research\" data-secret=\"aerN1XJKFT\" frameborder=\"0\" marginwidth=\"0\" marginheight=\"0\" scrolling=\"no\" class=\"wp-embedded-content\"><\/iframe><script>\n\/*! This file is auto-generated *\/\n!function(d,l){\"use strict\";l.querySelector&&d.addEventListener&&\"undefined\"!=typeof URL&&(d.wp=d.wp||{},d.wp.receiveEmbedMessage||(d.wp.receiveEmbedMessage=function(e){var t=e.data;if((t||t.secret||t.message||t.value)&&!\/[^a-zA-Z0-9]\/.test(t.secret)){for(var s,r,n,a=l.querySelectorAll('iframe[data-secret=\"'+t.secret+'\"]'),o=l.querySelectorAll('blockquote[data-secret=\"'+t.secret+'\"]'),c=new RegExp(\"^https?:$\",\"i\"),i=0;i<o.length;i++)o[i].style.display=\"none\";for(i=0;i<a.length;i++)s=a[i],e.source===s.contentWindow&&(s.removeAttribute(\"style\"),\"height\"===t.message?(1e3<(r=parseInt(t.value,10))?r=1e3:~~r<200&&(r=200),s.height=r):\"link\"===t.message&&(r=new URL(s.getAttribute(\"src\")),n=new URL(t.value),c.test(n.protocol))&&n.host===r.host&&l.activeElement===s&&(d.top.location.href=t.value))}},d.addEventListener(\"message\",d.wp.receiveEmbedMessage,!1),l.addEventListener(\"DOMContentLoaded\",function(){for(var e,t,s=l.querySelectorAll(\"iframe.wp-embedded-content\"),r=0;r<s.length;r++)(t=(e=s[r]).getAttribute(\"data-secret\"))||(t=Math.random().toString(36).substring(2,12),e.src+=\"#?secret=\"+t,e.setAttribute(\"data-secret\",t)),e.contentWindow.postMessage({message:\"ready\",secret:t},\"*\")},!1)))}(window,document);\n\/\/# sourceURL=https:\/\/iai.int\/wp-includes\/js\/wp-embed.min.js\n<\/script>\n","description":"15 de Diciembre 2022 Impulsar (re)acciones en cambio global con Pablo Monta\u00f1o El IAI, en alianza con Latinoam\u00e9rica 21, recientemente organiz\u00f3 el taller en redes sociales con Pablo Monta\u00f1o. \u00c9l es polit\u00f3logo por el ITESO y maestro en medio ambiente y desarrollo sustentable por la Universidad del Colegio de Londres. Actualmente es coordinador de Conexiones [&hellip;]"}

15 de Diciembre 2022 Impulsar (re)acciones en cambio global con Pablo Montaño El IAI, en alianza con Latinoamérica 21, recientemente organizó el taller en redes sociales con Pablo Montaño. Él es politólogo por el ITESO y maestro en medio ambiente y desarrollo sustentable por la Universidad del Colegio de Londres. Actualmente es coordinador de Conexiones [&hellip;]
