{"version":"1.0","provider_name":"IAI - Inter-American Institute for Global Change Research","provider_url":"https:\/\/iai.int\/es\/","title":"27 de septiembre: D\u00eda de la Conciencia Ambiental - IAI - Inter-American Institute for Global Change Research","type":"rich","width":600,"height":338,"html":"<blockquote class=\"wp-embedded-content\" data-secret=\"8EQTkQo9s5\"><a href=\"https:\/\/iai.int\/es\/27-de-septiembre-dia-de-la-conciencia-ambiental\/\">27 de septiembre: D\u00eda de la Conciencia Ambiental<\/a><\/blockquote><iframe sandbox=\"allow-scripts\" security=\"restricted\" src=\"https:\/\/iai.int\/es\/27-de-septiembre-dia-de-la-conciencia-ambiental\/embed\/#?secret=8EQTkQo9s5\" width=\"600\" height=\"338\" title=\"\u00ab27 de septiembre: D\u00eda de la Conciencia Ambiental\u00bb \u2014 IAI - Inter-American Institute for Global Change Research\" data-secret=\"8EQTkQo9s5\" frameborder=\"0\" marginwidth=\"0\" marginheight=\"0\" scrolling=\"no\" class=\"wp-embedded-content\"><\/iframe><script>\n\/*! This file is auto-generated *\/\n!function(d,l){\"use strict\";l.querySelector&&d.addEventListener&&\"undefined\"!=typeof URL&&(d.wp=d.wp||{},d.wp.receiveEmbedMessage||(d.wp.receiveEmbedMessage=function(e){var t=e.data;if((t||t.secret||t.message||t.value)&&!\/[^a-zA-Z0-9]\/.test(t.secret)){for(var s,r,n,a=l.querySelectorAll('iframe[data-secret=\"'+t.secret+'\"]'),o=l.querySelectorAll('blockquote[data-secret=\"'+t.secret+'\"]'),c=new RegExp(\"^https?:$\",\"i\"),i=0;i<o.length;i++)o[i].style.display=\"none\";for(i=0;i<a.length;i++)s=a[i],e.source===s.contentWindow&&(s.removeAttribute(\"style\"),\"height\"===t.message?(1e3<(r=parseInt(t.value,10))?r=1e3:~~r<200&&(r=200),s.height=r):\"link\"===t.message&&(r=new URL(s.getAttribute(\"src\")),n=new URL(t.value),c.test(n.protocol))&&n.host===r.host&&l.activeElement===s&&(d.top.location.href=t.value))}},d.addEventListener(\"message\",d.wp.receiveEmbedMessage,!1),l.addEventListener(\"DOMContentLoaded\",function(){for(var e,t,s=l.querySelectorAll(\"iframe.wp-embedded-content\"),r=0;r<s.length;r++)(t=(e=s[r]).getAttribute(\"data-secret\"))||(t=Math.random().toString(36).substring(2,12),e.src+=\"#?secret=\"+t,e.setAttribute(\"data-secret\",t)),e.contentWindow.postMessage({message:\"ready\",secret:t},\"*\")},!1)))}(window,document);\n\/\/# sourceURL=https:\/\/iai.int\/wp-includes\/js\/wp-embed.min.js\n<\/script>\n","thumbnail_url":"https:\/\/iai.int\/wp-content\/uploads\/2024\/11\/banner-dia-de-conciencia-ambiental.png","thumbnail_width":1600,"thumbnail_height":498,"description":"Si bien no hay ninguna entidad internacional que directamente haya designado este d\u00eda para la conciencia ambiental, el Instituto Interamericano para la Investigaci\u00f3n del Cambio Global (IAI) rememora la fecha este a\u00f1o en reconocimiento de la necesidad de la sensibilizaci\u00f3n y llamado a la acci\u00f3n en favor del ambiente. Seg\u00fan el \u00faltimo informe de la [&hellip;]"}

27 de septiembre: Día de la Conciencia Ambiental - IAI - Inter-American Institute for Global Change Research

<blockquote class="wp-embedded-content" data-secret="8EQTkQo9s5"><a href="https://iai.int/es/27-de-septiembre-dia-de-la-conciencia-ambiental/">27 de septiembre: Día de la Conciencia Ambiental</a></blockquote><iframe sandbox="allow-scripts" security="restricted" src="https://iai.int/es/27-de-septiembre-dia-de-la-conciencia-ambiental/embed/#?secret=8EQTkQo9s5" width="600" height="338" title="«27 de septiembre: Día de la Conciencia Ambiental» — IAI - Inter-American Institute for Global Change Research" data-secret="8EQTkQo9s5" frameborder="0" marginwidth="0" marginheight="0" scrolling="no" class="wp-embedded-content"></iframe><script>
/*! This file is auto-generated */
!function(d,l){"use strict";l.querySelector&&d.addEventListener&&"undefined"!=typeof URL&&(d.wp=d.wp||{},d.wp.receiveEmbedMessage||(d.wp.receiveEmbedMessage=function(e){var t=e.data;if((t||t.secret||t.message||t.value)&&!/[^a-zA-Z0-9]/.test(t.secret)){for(var s,r,n,a=l.querySelectorAll('iframe[data-secret="'+t.secret+'"]'),o=l.querySelectorAll('blockquote[data-secret="'+t.secret+'"]'),c=new RegExp("^https?:$","i"),i=0;i<o.length;i++)o[i].style.display="none";for(i=0;i<a.length;i++)s=a[i],e.source===s.contentWindow&&(s.removeAttribute("style"),"height"===t.message?(1e3<(r=parseInt(t.value,10))?r=1e3:~~r<200&&(r=200),s.height=r):"link"===t.message&&(r=new URL(s.getAttribute("src")),n=new URL(t.value),c.test(n.protocol))&&n.host===r.host&&l.activeElement===s&&(d.top.location.href=t.value))}},d.addEventListener("message",d.wp.receiveEmbedMessage,!1),l.addEventListener("DOMContentLoaded",function(){for(var e,t,s=l.querySelectorAll("iframe.wp-embedded-content"),r=0;r<s.length;r++)(t=(e=s[r]).getAttribute("data-secret"))||(t=Math.random().toString(36).substring(2,12),e.src+="#?secret="+t,e.setAttribute("data-secret",t)),e.contentWindow.postMessage({message:"ready",secret:t},"*")},!1)))}(window,document);
//# sourceURL=https://iai.int/wp-includes/js/wp-embed.min.js
</script>

Si bien no hay ninguna entidad internacional que directamente haya designado este día para la conciencia ambiental, el Instituto Interamericano para la Investigación del Cambio Global (IAI) rememora la fecha este año en reconocimiento de la necesidad de la sensibilización y llamado a la acción en favor del ambiente. Según el último informe de la [&hellip;]
